{"id":670,"date":"2021-01-21T14:49:25","date_gmt":"2021-01-21T13:49:25","guid":{"rendered":"https:\/\/www.jago.fr\/petites-mains\/?page_id=670"},"modified":"2021-01-21T14:49:25","modified_gmt":"2021-01-21T13:49:25","slug":"le-amma-assis-habille-sur-chaise-de-massage","status":"publish","type":"page","link":"https:\/\/www.jago.fr\/petites-mains\/index.php\/le-amma-assis-habille-sur-chaise-de-massage\/","title":{"rendered":"Le AMMA ASSIS\u00a0(habill\u00e9 sur chaise de massage)"},"content":{"rendered":"<p>&nbsp;<\/p>\n<p><img loading=\"lazy\" decoding=\"async\" class=\"alignright\" src=\"https:\/\/www.jago.fr\/petites-mains\/wp-content\/uploads\/2018\/08\/amma-400-300-travaillee-e1540458152991.jpg\" width=\"190\" height=\"246\" \/><\/p>\n<p>Le\u00a0<b>Amma\u00a0<\/b>est une approche \u00e9nerg\u00e9tique bas\u00e9e sur les principes de la M\u00e9decine traditionnelle japonaise d\u2019acupression. Il a pour objectif d\u2019\u00e9liminer les blocages \u00e9nerg\u00e9tiques et d\u2019\u00e9quilibrer les flux d\u2019\u00e9nergie Yin et Yang par l\u2019exercice d\u2019une s\u00e9rie de mouvements sur des points sp\u00e9cifiques situ\u00e9s le long des m\u00e9ridiens, des muscles et des articulations.<\/p>\n<p>Le Amma assis combine plusieurs techniques corporelles qui s\u2019apparentent au Shiatsu : pressions, percussions, vibrations, tapotements, effleurages. Le praticien effectue un encha\u00eenement pr\u00e9cis appel\u00e9 \u00ab\u00a0Kata\u00a0\u00bb en japonais, litt\u00e9ralement, \u00ab\u00a0une s\u00e9rie d\u2019actions structur\u00e9es\u00a0\u00bb. Il est appliqu\u00e9 sur le dos, les hanches, la nuque, les bras, les mains et la t\u00eate.<\/p>\n<p>Le massage Amma assis procure un \u00e9tat profond de relaxation et de bien-\u00eatre int\u00e9rieur en 15 ou 20 minutes seulement. Il est d\u2019une efficacit\u00e9 remarquable.<\/p>\n<p>La solution pour lutter contre le stress, pr\u00e9venir les risques psycho-sociaux et r\u00e9duire les troubles musculo-squelettique.<\/p>\n<p><strong>Il peut se pratiquer partout. En entreprise, chez un particulier, sur un lieu public, un \u00e9v\u00e9nementiel.<\/strong><\/p>\n","protected":false},"excerpt":{"rendered":"<p>&nbsp; Le\u00a0Amma\u00a0est une approche \u00e9nerg\u00e9tique bas\u00e9e sur les principes de la M\u00e9decine traditionnelle japonaise d\u2019acupression. Il a pour objectif d\u2019\u00e9liminer les blocages \u00e9nerg\u00e9tiques et d\u2019\u00e9quilibrer les flux d\u2019\u00e9nergie Yin et Yang par l\u2019exercice d\u2019une s\u00e9rie de mouvements sur des points sp\u00e9cifiques situ\u00e9s le long des m\u00e9ridiens, des muscles et des articulations. Le Amma assis combine plusieurs techniques corporelles qui s\u2019apparentent au Shiatsu : pressions, percussions, vibrations, tapotements, effleurages. Le praticien effectue un encha\u00eenement pr\u00e9cis appel\u00e9 \u00ab\u00a0Kata\u00a0\u00bb en japonais, litt\u00e9ralement, \u00ab\u00a0une&#8230;<\/p>\n<p class=\"read-more\"><a class=\"btn btn-default\" href=\"https:\/\/www.jago.fr\/petites-mains\/index.php\/le-amma-assis-habille-sur-chaise-de-massage\/\">Lire la suite<span class=\"screen-reader-text\"> Lire la suite<\/span><\/a><\/p>\n","protected":false},"author":1,"featured_media":0,"parent":0,"menu_order":0,"comment_status":"closed","ping_status":"closed","template":"","meta":{"footnotes":""},"class_list":["post-670","page","type-page","status-publish","hentry"],"_links":{"self":[{"href":"https:\/\/www.jago.fr\/petites-mains\/index.php\/wp-json\/wp\/v2\/pages\/670","targetHints":{"allow":["GET"]}}],"collection":[{"href":"https:\/\/www.jago.fr\/petites-mains\/index.php\/wp-json\/wp\/v2\/pages"}],"about":[{"href":"https:\/\/www.jago.fr\/petites-mains\/index.php\/wp-json\/wp\/v2\/types\/page"}],"author":[{"embeddable":true,"href":"https:\/\/www.jago.fr\/petites-mains\/index.php\/wp-json\/wp\/v2\/users\/1"}],"replies":[{"embeddable":true,"href":"https:\/\/www.jago.fr\/petites-mains\/index.php\/wp-json\/wp\/v2\/comments?post=670"}],"version-history":[{"count":2,"href":"https:\/\/www.jago.fr\/petites-mains\/index.php\/wp-json\/wp\/v2\/pages\/670\/revisions"}],"predecessor-version":[{"id":681,"href":"https:\/\/www.jago.fr\/petites-mains\/index.php\/wp-json\/wp\/v2\/pages\/670\/revisions\/681"}],"wp:attachment":[{"href":"https:\/\/www.jago.fr\/petites-mains\/index.php\/wp-json\/wp\/v2\/media?parent=670"}],"curies":[{"name":"wp","href":"https:\/\/api.w.org\/{rel}","templated":true}]}}