{"id":699,"date":"2021-01-21T17:52:59","date_gmt":"2021-01-21T16:52:59","guid":{"rendered":"https:\/\/www.jago.fr\/petites-mains\/?page_id=699"},"modified":"2021-03-17T18:02:28","modified_gmt":"2021-03-17T17:02:28","slug":"tarifs","status":"publish","type":"page","link":"https:\/\/www.jago.fr\/petites-mains\/index.php\/tarifs\/","title":{"rendered":"Tarifs"},"content":{"rendered":"\n<style> \/* simple flat #690 *\/#ptp-690{border-color:#ddd;padding:0;margin-left:0;margin-right:0}#ptp-690 div.ptp-item-container{border-radius:0}#ptp-690 div.ptp-item-container div{margin:0}#ptp-690 .ptp-highlight div.ptp-item-container{border-color:#ddd}#ptp-690 div.ptp-plan{border-top-right-radius:0;border-top-left-radius:0;font-size:1em;border-color:#ddd;background-color:#ddd;color:#333;padding:.9375em 1.25em}#ptp-690 div.ptp-plan .has-tip{border-bottom:dotted 1px #333;color:#333}#ptp-690 .ptp-highlight div.ptp-plan{border-color:#ddd;background-color:#ddd;color:#333}#ptp-690 .ptp-highlight div.ptp-plan .has-tip{border-bottom:dotted 1px #333;color:#333}#ptp-690 div.ptp-price{font-size:1.25em;background-color:#eee;color:#333;padding:.9375em 1.25em}#ptp-690 div.ptp-price .has-tip{border-bottom:dotted 1px #333;color:#333}#ptp-690 .ptp-highlight div.ptp-price{background-color:#eee;color:#333}#ptp-690 .ptp-highlight div.ptp-price .has-tip{border-bottom:dotted 1px #333;color:#333}#ptp-690 div.ptp-cta{border-bottom-right-radius:0;border-bottom-left-radius:0;background-color:#eee;padding-top:1.25em;padding-bottom:1.25em}#ptp-690 .ptp-highlight div.ptp-cta{background-color:#eee}#ptp-690 a.ptp-button{border-radius:0;font-size:1em;color:#fff;background-color:#3498db;border-bottom:#2980b9 4px solid;margin:0}#ptp-690 a.ptp-button .has-tip,#ptp-690 a.ptp-button:hover .has-tip{border-bottom:dotted 1px #fff;color:#fff}#ptp-690 a.ptp-button:hover{background-color:#2980b9}#ptp-690 div.ptp-bullet-item{color:#333;background-color:#fff;font-size:.875em;border-color:#ddd;padding:.9375em .5em .9375em .5em}#ptp-690 .ptp-highlight .ptp-bullet-item{color:#333;border-color:#ddd;background-color:#fff}#ptp-690 .ptp-highlight a.ptp-button{color:#fff;background-color:#e74c3c;border-bottom:#c0392b 4px solid}#ptp-690 .ptp-highlight a.ptp-button:hover{background-color:#c0392b}#ptp-690 .ptp-highlight a.ptp-button .has-tip{border-bottom:dotted 1px #fff;color:#fff}#ptp-690 div.ptp-most-popular{border-radius:0;font-size:.9em;background-color:#7f8c8d;color:#fff;border:1px solid #7f8c8d}\/* end of simple flat #690 *\/<\/style>        <script type=\"text\/javascript\">\n         jQuery(document).ready(function($) {\n            jQuery.call_match_height_690 = function call_match_height_design1(ptp_id) {\n                                $( ptp_id+' .ptp-plan' ).matchHeight(false); \n                                $( ptp_id+' .ptp-cta' ).matchHeight(false); \n                                $( ptp_id+' .ptp-price' ).matchHeight(false);\n                                $( ptp_id+' .ptp-button' ).matchHeight(false);\n\n                                $( ptp_id+' .ptp-bullet-item' ).each(function( index ){\n                                    $( ptp_id+' .ptp-row-id-'+index ).matchHeight(false);\n             \n                                });  \n                         }\n            var ptp_id = '#ptp-'+690 ;\n            $.call_match_height_690 ( ptp_id );              \n         });\n      <\/script>\n      \n        <div id=\"ptp-690\" class=\"ptp-pricing-table\" ><div class=\"ptp-col ptp-four-col  ptp-col-id-0 dh-ptp-col-id-0\"><div class=\"ptp-not-most-popular\">&nbsp;<\/div><div class=\"ptp-item-container\"><div class=\"ptp-plan\">AMATIS <\/div><div class=\"ptp-price\">50\u20ac 1h ou 70\u20ac 1h30<\/div><div class=\"ptp-bullet-item ptp-row-id-0\">Je propose un massage \u00e0 l'huile sur table, pour aller chercher ou retrouver son \"\u00caTRE\", dans l'espace que j'ai cr\u00e9\u00e9 pour vous.\r<\/div><div class=\"ptp-bullet-item ptp-row-id-1 tt-ptp-empty-row \">&nbsp;<\/div><div class=\"ptp-cta\"><a class=\"ptp-button ptp-checkout-button\" id=\"ptp-690-cta-0\"  href=\"https:\/\/www.jago.fr\/petites-mains\/index.php\/659-2\/\" >200\u20ac ou 280\u20ac les 5 s\u00e9ances = 1 s\u00e9ance gratuite)<\/a><\/div><\/div><\/div><div class=\"ptp-col ptp-four-col  ptp-col-id-1 dh-ptp-col-id-1\"><div class=\"ptp-not-most-popular\">&nbsp;<\/div><div class=\"ptp-item-container\"><div class=\"ptp-plan\">PIERRES CHAUDES<\/div><div class=\"ptp-price\">65 \u20ac 1h15<\/div><div class=\"ptp-bullet-item ptp-row-id-0\">Cette technique est tout \u00e0 fait adapt\u00e9e pour les personnes qui subissent une forte pression ou souffrent de stress fr\u00e9quent.<\/div><div class=\"ptp-bullet-item ptp-row-id-1 tt-ptp-empty-row \">&nbsp;<\/div><div class=\"ptp-cta\"><a class=\"ptp-button ptp-checkout-button\" id=\"ptp-690-cta-1\"  href=\"https:\/\/www.jago.fr\/petites-mains\/index.php\/le-massage-aux-pierres-chaudes\/\" >260 \u20ac les 5 s\u00e9ances. d\u00e9conseill\u00e9 \u00e0 certaines pathologies. <\/a><\/div><\/div><\/div><div class=\"ptp-col ptp-four-col  ptp-col-id-2 dh-ptp-col-id-2\"><div class=\"ptp-not-most-popular\">&nbsp;<\/div><div class=\"ptp-item-container\"><div class=\"ptp-plan\">AMMA ASSIS<\/div><div class=\"ptp-price\">35\u20ac les 30 min<\/div><div class=\"ptp-bullet-item ptp-row-id-0\">Il peut se pratiquer partout. En entreprise, sur un lieu public, un \u00e9v\u00e9nementiel ou lors d'une soir\u00e9e entre amis.<\/div><div class=\"ptp-bullet-item ptp-row-id-1 tt-ptp-empty-row \">&nbsp;<\/div><div class=\"ptp-cta\"><a class=\"ptp-button ptp-checkout-button\" id=\"ptp-690-cta-2\"  href=\"https:\/\/www.jago.fr\/petites-mains\/index.php\/le-amma-assis-habille-sur-chaise-de-massage\/\" >sur chaise (forfait 5 s\u00e9ances = 1 s\u00e9ance gratuite)<\/a><\/div><\/div><\/div><div class=\"ptp-col ptp-four-col  ptp-col-id-3 dh-ptp-col-id-3\"><div class=\"ptp-not-most-popular\">&nbsp;<\/div><div class=\"ptp-item-container\"><div class=\"ptp-plan\">THERAPEUTIQUE<\/div><div class=\"ptp-price\">60\u20ac + frais de dpt<\/div><div class=\"ptp-bullet-item ptp-row-id-0\">C\u2019est apporter \u00e0 une personne malade ou en manque de communication un soulagement des angoisses par une communication non verbale.<\/div><div class=\"ptp-bullet-item ptp-row-id-1 tt-ptp-empty-row \">&nbsp;<\/div><div class=\"ptp-cta\"><a class=\"ptp-button ptp-checkout-button\" id=\"ptp-690-cta-3\"  href=\"https:\/\/www.jago.fr\/petites-mains\/index.php\/le-toucher-therapeutique-ou-relationnel\/\" >uniquement pour les personnes ne pouvant se d\u00e9placer<\/a><\/div><\/div><\/div><\/div>\n","protected":false},"excerpt":{"rendered":"","protected":false},"author":1,"featured_media":0,"parent":0,"menu_order":0,"comment_status":"closed","ping_status":"closed","template":"","meta":{"footnotes":""},"class_list":["post-699","page","type-page","status-publish","hentry"],"_links":{"self":[{"href":"https:\/\/www.jago.fr\/petites-mains\/index.php\/wp-json\/wp\/v2\/pages\/699","targetHints":{"allow":["GET"]}}],"collection":[{"href":"https:\/\/www.jago.fr\/petites-mains\/index.php\/wp-json\/wp\/v2\/pages"}],"about":[{"href":"https:\/\/www.jago.fr\/petites-mains\/index.php\/wp-json\/wp\/v2\/types\/page"}],"author":[{"embeddable":true,"href":"https:\/\/www.jago.fr\/petites-mains\/index.php\/wp-json\/wp\/v2\/users\/1"}],"replies":[{"embeddable":true,"href":"https:\/\/www.jago.fr\/petites-mains\/index.php\/wp-json\/wp\/v2\/comments?post=699"}],"version-history":[{"count":1,"href":"https:\/\/www.jago.fr\/petites-mains\/index.php\/wp-json\/wp\/v2\/pages\/699\/revisions"}],"predecessor-version":[{"id":706,"href":"https:\/\/www.jago.fr\/petites-mains\/index.php\/wp-json\/wp\/v2\/pages\/699\/revisions\/706"}],"wp:attachment":[{"href":"https:\/\/www.jago.fr\/petites-mains\/index.php\/wp-json\/wp\/v2\/media?parent=699"}],"curies":[{"name":"wp","href":"https:\/\/api.w.org\/{rel}","templated":true}]}}