{"id":753,"date":"2022-03-24T17:08:33","date_gmt":"2022-03-24T16:08:33","guid":{"rendered":"https:\/\/www.jago.fr\/petites-mains\/?page_id=753"},"modified":"2022-09-03T18:10:23","modified_gmt":"2022-09-03T16:10:23","slug":"evenements","status":"publish","type":"page","link":"https:\/\/www.jago.fr\/petites-mains\/index.php\/evenements\/","title":{"rendered":"Ev\u00e9nements"},"content":{"rendered":"\n<p style=\"text-align: center;\"><strong><span style=\"font-size: 14pt;\">INSCRIPTION ATELIER MASSAGE DU 24 SEPTEMBRE 2022<\/span><\/strong><\/p>\n\n\n\n<p>Je vous propose un atelier d&rsquo;une demie journ\u00e9e sur le massage cr\u00e2nien, et le massage du visage .\u00a0<\/p>\n<p>Il s\u2019agit, entre autres, de stimuler certains points d\u2019acupuncture r\u00e9partis au niveau de la t\u00eate pour apaiser les contractures musculaires caus\u00e9es par le stress et la fatigue.\u00a0<\/p>\n<p>Afin de pouvoir vous entrainer chez vous, un protocole vous sera remis.<\/p>\n<p>Particuli\u00e8rement rapide, cette cat\u00e9gorie de massage ne r\u00e9clame pas beaucoup de temps pour un effet d\u00e9lassant et d\u00e9stressant imm\u00e9diat.<\/p>\n<p>Pour les inscription me contacter au 06 04 16 05 51 ou par sms.<\/p>\n\n\n\n<figure class=\"wp-block-image size-full\"><img loading=\"lazy\" decoding=\"async\" width=\"955\" height=\"497\" src=\"https:\/\/www.jago.fr\/petites-mains\/wp-content\/uploads\/2022\/09\/massage-cranien-pr-fb.jpg\" alt=\"\" class=\"wp-image-783\" srcset=\"https:\/\/www.jago.fr\/petites-mains\/wp-content\/uploads\/2022\/09\/massage-cranien-pr-fb.jpg 955w, https:\/\/www.jago.fr\/petites-mains\/wp-content\/uploads\/2022\/09\/massage-cranien-pr-fb-300x156.jpg 300w, https:\/\/www.jago.fr\/petites-mains\/wp-content\/uploads\/2022\/09\/massage-cranien-pr-fb-768x400.jpg 768w, https:\/\/www.jago.fr\/petites-mains\/wp-content\/uploads\/2022\/09\/massage-cranien-pr-fb-519x270.jpg 519w\" sizes=\"auto, (max-width: 955px) 100vw, 955px\" \/><\/figure>\n\n\n<p style=\"text-align: center;\"><strong><span style=\"font-size: 14pt;\">INSCRIPTION ATELIER MASSAGE DU 30 AVRIL 2022<\/span><\/strong><\/p>\n<p>Le massage est un ressourcement du corps, des sens, et de l&rsquo;esprit. Toucher et \u00eatre touch\u00e9 de fa\u00e7on juste demande des qualit\u00e9s qui peuvent \u00eatre d\u00e9velopp\u00e9es.\u00a0 Dans un esprit convivial, et le temps d&rsquo;une apr\u00e8s midi ludique et agr\u00e9able, je vous propose un atelier visant \u00e0 s&rsquo;approprier les gestes et postures simples du massage afin de pouvoir les partager en famille ou entre amis.<\/p>\n<p>Les massages seront pratiqu\u00e9s en bin\u00f4me, sur une table de massage.<\/p>\n<p>Pour cela il est n\u00e9cessaire d&rsquo;apporter :<\/p>\n<p>&#8211; Une tenue d\u00e9contract\u00e9e pour masser ainsi qu&rsquo;un maillot de bain pour \u00eatre mass\u00e9 (ou autre).<\/p>\n<p>&#8211; Un grand drap de bain pour poser sur la table et un par\u00e9o pour se couvrir.<\/p>\n<p>Un flacon d&rsquo;huile de massage vous sera fourni mais vous avez le choix d&rsquo;apporter une huile qui vous convient.<\/p>\n<p><a class=\"weezevent-widget-integration\" title=\"Inscription\" href=\"https:\/\/weezevent.com\/?c=sys_widget\" target=\"_blank\" rel=\"noopener\" data-src=\"https:\/\/widget.weezevent.com\/ticket\/E824978\/?code=30481&amp;locale=fr-FR&amp;width_auto=1&amp;color_primary=00AEEF\" data-width=\"650\" data-height=\"600\" data-id=\"824978\" data-resize=\"1\" data-width_auto=\"1\" data-noscroll=\"0\" data-use-container=\"yes\" data-type=\"neo\">Billetterie Weezevent<\/a><br \/><script type=\"text\/javascript\" src=\"https:\/\/widget.weezevent.com\/weez.js\"><\/script><\/p>","protected":false},"excerpt":{"rendered":"<p>INSCRIPTION ATELIER MASSAGE DU 24 SEPTEMBRE 2022 Je vous propose un atelier d&rsquo;une demie journ\u00e9e sur le massage cr\u00e2nien, et le massage du visage .\u00a0 Il s\u2019agit, entre autres, de stimuler certains points d\u2019acupuncture r\u00e9partis au niveau de la t\u00eate pour apaiser les contractures musculaires caus\u00e9es par le stress et la fatigue.\u00a0 Afin de pouvoir vous entrainer chez vous, un protocole vous sera remis. Particuli\u00e8rement rapide, cette cat\u00e9gorie de massage ne r\u00e9clame pas beaucoup de temps pour un effet d\u00e9lassant&#8230;<\/p>\n<p class=\"read-more\"><a class=\"btn btn-default\" href=\"https:\/\/www.jago.fr\/petites-mains\/index.php\/evenements\/\">Lire la suite<span class=\"screen-reader-text\"> Lire la suite<\/span><\/a><\/p>\n","protected":false},"author":1,"featured_media":0,"parent":0,"menu_order":0,"comment_status":"closed","ping_status":"closed","template":"","meta":{"footnotes":""},"class_list":["post-753","page","type-page","status-publish","hentry"],"_links":{"self":[{"href":"https:\/\/www.jago.fr\/petites-mains\/index.php\/wp-json\/wp\/v2\/pages\/753","targetHints":{"allow":["GET"]}}],"collection":[{"href":"https:\/\/www.jago.fr\/petites-mains\/index.php\/wp-json\/wp\/v2\/pages"}],"about":[{"href":"https:\/\/www.jago.fr\/petites-mains\/index.php\/wp-json\/wp\/v2\/types\/page"}],"author":[{"embeddable":true,"href":"https:\/\/www.jago.fr\/petites-mains\/index.php\/wp-json\/wp\/v2\/users\/1"}],"replies":[{"embeddable":true,"href":"https:\/\/www.jago.fr\/petites-mains\/index.php\/wp-json\/wp\/v2\/comments?post=753"}],"version-history":[{"count":9,"href":"https:\/\/www.jago.fr\/petites-mains\/index.php\/wp-json\/wp\/v2\/pages\/753\/revisions"}],"predecessor-version":[{"id":784,"href":"https:\/\/www.jago.fr\/petites-mains\/index.php\/wp-json\/wp\/v2\/pages\/753\/revisions\/784"}],"wp:attachment":[{"href":"https:\/\/www.jago.fr\/petites-mains\/index.php\/wp-json\/wp\/v2\/media?parent=753"}],"curies":[{"name":"wp","href":"https:\/\/api.w.org\/{rel}","templated":true}]}}